 = -32682*c + 9521. Is h(-58) a composite number?
False
Let b(d) = 81171*d**2 + 9*d + 20. Is b(-2) composite?
True
Let y(v) be the third derivative of 137*v**5/60 + 25*v**4/24 - 139*v**3/6 - 42*v**2 - 2. Is y(7) prime?
False
Suppose 3*v + 30027 - 177914 = k, 5*v - k = 246481. Is v a composite number?
False
Let l = 181103 + -56226. Is l composite?
True
Let k be ((-18)/33)/(-3) + 42/11. Suppose c - 5*r + 10 = -c, -3*r = -k*c + 8. Is 3 + 8120/c + 4 prime?
False
Let g = -1292745 + 1921991. Is g composite?
True
Let g = 227 + -204. Is (-23)/(91/g + -4) prime?
False
Let i(q) = 27416*q**2 + 8*q + 11. Let o be i(-2). Is (-1)/(-45)*o - 4/(-30) prime?
True
Let c = -161 + 79. Let a = -46 - c. Is 6/27 + 22636/a composite?
True
Suppose 28*r - 1175 = 23*r. Suppose 4*q - 7 = -2*t - t, -t = -q - 7. Suppose j - r = 4*k, -2*j + 1175 = 3*j - t*k. Is j composite?
True
Suppose 53*d - 97*d = -382423 - 1467469. Is d a composite number?
False
Is (-15)/(-10)*(-528816)/(-72) prime?
False
Suppose 3*p - 3188 - 11706 = 3049. Is p composite?
False
Suppose -3*m + 190 = 2*m + 2*t, 152 = 4*m - t. Let o(s) = 3 - 39 + 189*s + 6 + m*s. Is o(11) a prime number?
True
Suppose -2089*c = -2090*c + 4*x + 12901, -3*c + 5*x = -38682. Is c a prime number?
True
Suppose -46*b = -34*b - 198156. Let c = -6 - -10. Is b*(-2)/(-18) + c/18 a prime number?
False
Let k = 544275 - 262336. Is k a composite number?
True
Let k be 1*2*(-5)/(-2). Suppose -5*v + k = -5. Suppose 0 = -5*y + 2*p + 4453, -v*y + 5*p + 1966 = 168. Is y prime?
False
Let c = -1 - -1. Suppose -4*h + 4 = c, 2*z + 0*z = 5*h + 5. Suppose z*y - 785 = 330. Is y prime?
True
Let a = -295 + 290. Let p(i) = -7*i**3 - 2*i**2 + 4*i - 18. Is p(a) a composite number?
False
Is (-29)/(232/48) + 66203 prime?
False
Suppose -3*o = -4*b + 20, 0 = 4*o - 5*b + 4 + 21. Let z = 3850 + -2749. Suppose 2*i - 1081 - z = o. Is i composite?
False
Suppose 213*p = 322*p - 49650917. Is p composite?
False
Suppose 0 = -3*t - 4*t + 35. Suppose -4*q + 252 = -2*b - 54, t*b + 741 = -2*q. Let v = b + 510. Is v composite?
True
Suppose 73*x + 15*x = 550776 + 2208640. Is x composite?
False
Let d(w) = 241*w - 4. Let h be (1/2)/((-1)/(-14)). Let r be d(h). Suppose -2*k = -5*f + r, -4*f - k + 1349 = -0*f. Is f prime?
True
Let b(w) = 36*w**2 + 6*w + 5. Let r be b(-4). Suppose -41 = 3*q - 3*y - 275, -4*q + 300 = 2*y. Let n = q + r. Is n a composite number?
True
Let o = 586 - 999. Let u = o + 1134. Is u prime?
False
Let q be (-1)/((-5)/(-1620))*1. Let f = q - -2255. Is f prime?
True
Suppose 34*r - 5498543 = -1328817. Is r a prime number?
False
Let o(u) = -985*u - 21. Suppose 0 = -i + 2*m - 10, -2 = -2*i - 3*m + 6. Is o(i) prime?
True
Suppose -72*o - 228 = -76*o. Let j = -54 + o. Is 10 - 13 - (-2 + (-1422)/j) composite?
True
Suppose 2*t + 2*s = -10, 0 = -4*t - 3*s - 2*s - 25. Suppose -3*z - h - 2*h = 0, t = 4*z + h + 9. Let a(n) = -5*n**3 - 3*n**2 - 6*n - 5. Is a(z) prime?
False
Let y = -40 + 41. Let c(l) = -931*l + 4. Let j be c(y). Let i = 1880 - j. Is i a composite number?
True
Let r = -156302 + 232719. Is r a composite number?
True
Let q(f) = -3*f**3 - 15*f**2 - 31*f + 4. Let l be ((-180)/(-72))/(2/(-4)). Is q(l) a prime number?
False
Suppose 295*j - 528 = 299*j. Let m = j + 3217. Is m a prime number?
False
Let u(g) = -g**2 + 16*g + 5. Let n be u(17). Is (207/(-18))/((n/(-4))/(-3846)) a composite number?
True
Suppose 5*u + 2*w = -19662, 6*w = w - 5. Let i = -2349 - u. Is i a prime number?
True
Let l be (14/(-6) + 1)*(-63)/14. Suppose l*s = 12*s - 30. Let i(a) = 110*a - 9. Is i(s) a composite number?
False
Let g = -919 - -2561. Suppose 2*c - 4*w - g = 0, -654 = -c + w + 167. Is c prime?
True
Let o = 547 - 327. Suppose 0 = -o*g + 225*g - 45455. Is g a prime number?
True
Suppose 6*h - 22 + 10 = 0. Suppose -h = 3*g - 11. Suppose 5*s = -4*l + 10426, 5212 = g*l - l + 3*s. Is l composite?
False
Let n = 109 - 98. Let j(k) = -n*k - 33 - 56 + 135 - 15*k. Is j(-12) prime?
False
Let g(z) = 3111*z - 67. Let x be g(7). Suppose 4*d = -4*b + 17344, 3*d + 2*d = b + x. Is d composite?
True
Is 4*(((-385)/21)/11 - (-466719)/36) a prime number?
False
Suppose 358002 = 17*k - 15*k. Suppose 2*t - 71578 = -4*h, 11*h = -5*t + 15*h + k. Is t a composite number?
False
Is (-6 + 370615/(-28) + -6)/(2/(-8)) composite?
True
Suppose 0 = -13*d + 11*d + 4. Suppose -d*w = 3*o - 39, w + 0*w - 24 = -3*o. Let y(q) = 8*q + 39. Is y(w) a prime number?
False
Let q(h) = -h**3 - 4*h**2 + 6*h + 8. Let j be q(-5). Let z(c) = 6*c**2 - 7*c + 4. Is z(j) composite?
False
Suppose -4*y - 73 = -29. Let o(i) = 19*i**2 - 25*i + 5. Is o(y) prime?
True
Suppose 4*w + 52 = 2*v, 6*w - 5*w + 31 = -4*v. Let m(b) be the first derivative of -110*b**2 + 7*b - 2. Is m(w) a prime number?
True
Let m be 4712/1 - (-8 - -12). Let n = m + 6123. Is n a prime number?
True
Suppose -4*v = 5*b - 0*v - 54494, -54526 = -5*b + 4*v. Let m = b - 895. Is m prime?
True
Suppose 0 = -32*l + 885508 + 1814524. Suppose -76*s + 68*s = -l. Is s composite?
True
Suppose -5*j - 20791 = -115616. Is j composite?
True
Let w = 887 - -2522. Is w a prime number?
False
Suppose -33*j + c = -42*j + 312812, 0 = -5*j - 4*c + 173781. Is j a composite number?
False
Suppose -2*r - 2*c = 0, -28 - 17 = -5*r + 4*c. Is (-125991)/(-54) - r/30 a composite number?
False
Let z = 357 + -242. Let r(t) = 31*t**3 - 5*t**2 + 7*t - 14. Let j be r(3). Suppose -z*p = -114*p - j. Is p a prime number?
False
Is ((-6974)/77)/((-2)/2177) prime?
False
Let l be (-2 + -12 + 2)*(-38)/152. Suppose -l*x + 9901 = -9332. Is x a composite number?
True
Let u be ((-3128)/6)/(3/(-9)). Suppose 0 = 6*i + i - 21. Suppose -i*x - x = -u. Is x composite?
True
Suppose -11*d - 1 = -23. Suppose 2*k - 2 = 2*i + 4, 9 = 3*k - d*i. Suppose 4*m - 6*m = 6, 0 = k*l + m - 876. Is l prime?
True
Suppose 0 = -2*o - 3*z + 3121, 4844 = 3*o + 5*z + 160. Suppose 0 = -5*a + 6058 - o. Is a prime?
False
Suppose 15*v = 14 + 46. Suppose 2*j - d = 1588 + 1019, j - v*d = 1286. Is j a composite number?
True
Let u = -8462 - -12568. Let p = 5685 + u. Is p prime?
True
Suppose o = 13*s + 124106, -9*o + 372213 = -6*o - 4*s. Is o composite?
False
Suppose -4*n + 2 = y + 2*y, 0 = -4*y - n + 20. Is 6195/y - (-24)/(-16) composite?
False
Suppose -k + 0*b - 9 = -5*b, 37 = 3*k + b. Let w(y) = 2*y**3 - 6*y**2 + 104 - 89 + 12*y - 8*y**2 + 0*y**3. Is w(k) a prime number?
False
Let k(b) = 3684*b - 1807. Is k(107) composite?
True
Suppose 22*x - 1439513 = -1403567 + 3663728. Is x prime?
False
Let h = 252 + -487. Let y = 184 - h. Is y prime?
True
Let z = -196 - -215. Suppose z*s = 30*s - 210353. Is s composite?
True
Suppose -3*g - 1 = -t + 1, 5*t = g - 18. Let y be (t/(-10))/(((-1)/(-10))/1). Suppose -y*z = -5*k + 3833, -3*k + z + 2304 = -0*k. Is k a prime number?
True
Suppose 5*i + 6056 - 80938 = -d, -5*i - 5*d + 74870 = 0. Is i a composite number?
True
Let l be 16/14 - 1 - (-12)/14. Let s be 12/8*(2 + 0/l). Suppose 0 = 5*r + 2*x - 4*x - 3987, 0 = -4*r - s*x + 3208. Is r composite?
True
Suppose 26 - 22 = u. Let c be (2*-20)/u*-1. Suppose -m - 5*i = -8648, -5*i = -c - 15. Is m prime?
True
Let u(s) = 831*s**2 - 55*s - 185. Let k(d) = -1663*d**2 + 109*d + 371. Let a(g) = -6*k(g) - 11*u(g). Is a(-4) a prime number?
True
Suppose f = -3*f - 5*c + 28, -5*c - 80 = -5*f. Suppose -3*v = 15, 14*v - f*v - 14395 = -5*o. Is o a prime number?
False
Is ((-1213680)/(-480))/((-2)/(1*-4)) a prime number?
False
Let l = 17939 - 27892. Let s = -2890 - l. Is s composite?
True
Let j = 89 - 83. Let r(k) = 6*k**2 + 2*k - 19. Is r(j) prime?
False
Suppose 119*d = 383*d - 96299544. Is d a composite number?
True
Suppose -u = -5*q + 1245, 5*u + 874 = 2*q + 353. Let a = q - -255. Is a a prime number?
True
Is (-1*19)/((-523)/2783929) a prime number?
False
Let g = 1681 + -1178. Is g composite?
False
Suppose j = -4*b - 7, -40 = -5*j - 2*b - 3*b. Suppose 2*h - j = 1. Suppose 0 = -h*z + 114 + 257. Is z composite?
False
Let l(w) = 2791*w**2 - 32*w + 6. Let t be l(5). Suppose -2*o - t - 23334 = -5*x, -x - 5*o = -18591. Is x prime?
False
Let v(r) = r**3 - 2*r**2 - 9*r. Let n be v(9). Let u = 34 + -319. Let y = n + u. Is y a prime number?
False
Let x(j) = -j**2 - 5*j. Let t be x(-4). Suppose 2*y - 3*f = -2*f + 715, -368 = -y + t*f. Let g = y - 179. Is g composite?
True
Suppose 8*b = -94376 - 165224